= p**3 - 13*p**2 + 26*p - 36. Determine m(11).
8
Let j(c) = -c**3 + 11*c**2 - 20*c + 27. Give j(14).
-841
Let o(w) = w**2 - 17*w - 114. What is o(-5)?
-4
Let c(t) = 2*t**2 + 14*t + 71. Give c(-5).
51
Let c(v) = -v**2 - 101*v + 2137. Calculate c(18).
-5
Let g(w) = -w**2 - 125*w - 1155. Calculate g(-115).
-5
Let u(d) = -d**3 - 5*d + 8. Determine u(2).
-10
Let y(a) = -26*a**2 - 5*a + 24. Determine y(4).
-412
Let t(v) = 8*v**3 - 8*v**2 - 34*v + 6. Determine t(-3).
-180
Let u(m) = 2*m**2 - 55*m - 227. Calculate u(31).
-10
Let h(d) = d**3 - 15*d**2 + 36*d + 24. Calculate h(11).
-64
Let s(j) = j**3 - 30*j**2 - 209*j + 1188. Give s(35).
-2
Let z(r) = 4*r**3 + 746*r**2 - 377*r - 581. What is z(-187)?
-20
Let p(t) = 51*t**3 + t**2 + 7*t + 7. Give p(-1).
-50
Let d(s) = 4*s**3 + 47*s**2 - 9*s + 31. Calculate d(-12).
-5
Let g(w) = w**3 - 7*w**2 + 12*w - 32. Calculate g(5).
-22
Let q(c) = -c**3 - 55*c**2 + 44*c - 808. Calculate q(-56).
-136
Let m(s) = 7*s**2 + 83*s - 11. Calculate m(-12).
1
Let d(j) = 32*j**2 + 550*j + 93. Determine d(-17).
-9
Let d(c) = 1535*c + 27661. Calculate d(-18).
31
Let w(u) = -77*u - 2449. Determine w(-32).
15
Let b(s) = 2*s**2 + 25*s + 69. Determine b(-13).
82
Let c(x) = -2768*x + 22140. What is c(8)?
-4
Let h(d) = 53*d**2 - 54*d - 48. Determine h(0).
-48
Let o(a) = 382*a - 1475. Give o(4).
53
Let r(h) = -h**3 + 6*h**2 - 5*h + 37. Calculate r(6).
7
Let y(g) = 153*g + 36. Give y(1).
189
Let i(b) = 2*b**3 + 8*b**2 - 590*b - 2904. Determine i(-5).
-4
Let w(k) = -2*k**2 - 32*k + 55. Determine w(-17).
21
Let w(l) = l**3 - 16*l**2 + 6*l + 41. Determine w(15).
-94
Let f(a) = -a**3 - 7*a**2 - 32*a - 220. What is f(-7)?
4
Let p(d) = -d**2 + 8*d + 18. Calculate p(12).
-30
Let k(q) = q**2 - 47*q - 1. Give k(46).
-47
Let i(k) = 1286*k + 73301. Give i(-57).
-1
Let z(r) = -2*r**3 - 42*r**2 - 551*r - 11562. What is z(-21)?
9
Let x(f) = -25*f - 1156. Determine x(-46).
-6
Let q(a) = 40*a**2 + 397*a + 41. What is q(-10)?
71
Let s(x) = x**2 - 5*x - 1081. Determine s(-37).
473
Let m(v) = -19*v + 165. Calculate m(-15).
450
Let j(z) = -4*z**2 + 78*z - 53. What is j(19)?
-15
Let l(u) = -54*u + 466. What is l(14)?
-290
Let s(l) = l**3 - 15*l**2 + 14*l - 89. Calculate s(14).
-89
Let s(j) = 4*j**2 - 22*j - 24. Calculate s(-1).
2
Let r(q) = 6*q**2 + 546*q - 1131. Calculate r(-93).
-15
Let a(y) = -y**3 - 36*y**2 + 3*y + 100. Determine a(-36).
-8
Let u(d) = -11*d**2 - 158*d + 80. What is u(-16)?
-208
Let t(l) = -l**2 - 86*l + 2900. Determine t(-112).
-12
Let m(i) = -17*i + 427. What is m(20)?
87
Let h(q) = -102*q + 2770. What is h(25)?
220
Let u(w) = -23*w**2 - 140*w - 23. Calculate u(-6).
-11
Let w(h) = -h**2 + 466*h - 3211. Calculate w(7).
2
Let y(o) = 10*o**2 - o + 3. What is y(2)?
41
Let o(a) = -27*a - 857. Calculate o(-32).
7
Let p(v) = -v**3 - 16*v**2 + 11*v - 94. What is p(-17)?
8
Let u(g) = 10*g**3 - 45*g**2 - 8*g - 13. Calculate u(4).
-125
Let d(n) = -12*n**2 + 434*n + 762. Determine d(38).
-74
Let u(b) = b**3 + 43*b**2 - 358*b - 15400. Determine u(-43).
-6
Let s(l) = -34*l + 940. Determine s(28).
-12
Let t(l) = 177*l + 41589. Determine t(-235).
-6
Let t(d) = 111*d**3 + 8*d**2 - 2*d - 5. What is t(1)?
112
Let m(z) = -98*z + 89. Give m(1).
-9
Let z(p) = -2*p**3 - 10*p**2 + 82*p + 91. Give z(-8).
-181
Let b(g) = -114*g + 1028. Determine b(9).
2
Let l(f) = -11*f - 675. Determine l(-63).
18
Let i(a) = a**2 - 85*a + 1690. Give i(36).
-74
Let x(j) = -2*j**2 - 114*j + 4304. Calculate x(26).
-12
Let x(m) = -19*m - 1986. What is x(-104)?
-10
Let v(s) = s**3 - 24*s**2 - 112*s - 4. Calculate v(28).
-4
Let y(o) = 1389*o + 25022. What is y(-18)?
20
Let w(t) = -t**2 - 16*t - 35. Determine w(-16).
-35
Let p(a) = 852*a - 5964. Determine p(7).
0
Let a(k) = k**2 - 46*k + 4. Determine a(44).
-84
Let s(t) = -16*t**2 + 52*t + 51. Determine s(4).
3
Let j(o) = -o**2 + 6*o + 469. Give j(25).
-6
Let r(b) = -66*b - 309. Determine r(-6).
87
Let l(y) = -y**2 - 139*y - 4615. Calculate l(-55).
5
Let b(j) = -j**2 + 299*j + 23229. What is b(-64)?
-3
Let y(o) = -o**3 - 41*o**2 - 418*o - 178. Give y(-17).
-8
Let l(r) = 7*r**2 - 405*r - 474. What is l(59)?
-2
Let d(r) = -r**3 + 4*r**2 + 16*r - 72. Determine d(9).
-333
Let f(i) = -8*i - 299. Give f(-25).
-99
Let o(j) = -17*j - 1760. What is o(-103)?
-9
Let c(x) = -508*x**2 + 1027*x - 1. Determine c(2).
21
Let h(x) = 163*x - 6038. Determine h(36).
-170
Let i(s) = 2*s + 54. What is i(12)?
78
Let v(h) = 106*h - 603. Calculate v(9).
351
Let m(g) = -g**2 - 50*g - 237. Determine m(-8).
99
Let b(c) = -1464*c - 2929. Give b(-2).
-1
Let s(v) = 3*v**2 + 12*v - 19. Calculate s(-7).
44
Let n(c) = -25*c + 1327. What is n(53)?
2
Let w(c) = 91*c + 842. Give w(-12).
-250
Let q(x) = x**2 - 130*x - 551. Give q(-4).
-15
Let o(w) = -121*w + 638. What is o(5)?
33
Let j(t) = 3*t**2 - 45*t - 1. Determine j(12).
-109
Let f(z) = 2*z**2 + 8*z - 11. Give f(6).
109
Let v(d) = -3*d**3 - 9*d**2 + 12*d + 58. Determine v(-3).
22
Let i(z) = 6*z**3 - z**2 + 13*z. Calculate i(4).
420
Let k(y) = -6*y**2 - 241*y + 89. Give k(-41).
-116
Let r(w) = 56*w**2 + w - 11. Determine r(0).
-11
Let v(u) = -54*u**2 - 4*u + 9. Give v(-1).
-41
Let y(h) = -2*h**2 - 30*h + 331. Calculate y(7).
23
Let d(u) = 377*u - 6724. What is d(18)?
62
Let w(f) = -f**2 + 21*f + 508. Give w(-14).
18
Let j(l) = -2*l**3 - 79*l**2 - 186*l - 37. Give j(-37).
0
Let s(u) = -188*u - 39672. Give s(-211).
-4
Let y(g) = g**3 + g**2 + 274*g - 544. Determine y(2).
16
Let c(b) = -765*b**2 + 3066*b - 20. Determine c(4).
4
Let n(o) = o**3 + 5*o**2 - 42*o - 4. What is n(-9)?
50
Let z(a) = -28302*a - 311319. Give z(-11).
3
Let z(r) = -74*r - 1057. Determine z(-17).
201
Let w(h) = -2*h**2 + 7*h - 7. Determine w(0).
-7
Let m(s) = -3*s - 155. What is m(-53)?
4
Let h(v) = -27*v + 671. Give h(23).
50
Let y(x) = x**3 + 98*x**2 + 463*x - 3. Give y(-5).
7
Let q(v) = -128*v + 1018. What is q(8)?
-6
Let q(w) = w**2 + 7*w + 38. Give q(-15).
158
Let l(a) = 1292*a - 6438. Calculate l(5).
22
Let v(w) = -2*w**2 + 8*w + 43. Give v(8).
-21
Let v(t) = -3*t**3 + 3*t**2 + 8*t - 9. What is v(3)?
-39
Let n(h) = -3*h**2 + 210*h - 541. Determine n(67).
62
Let l(i) = 45*i + 1626. What is l(-36)?
6
Let z(f) = 237*f - 13020. Give z(55).
15
Let k(q) = 2*q**2 + 103*q - 69. Determine k(-52).
-17
Let l(u) = -11*u**3 + 3*u**2 + 7*u + 6. What is l(-2)?
92
Let t(i) = i**3 + 13*i**2 - 42*i + 23. Give t(-16).
-73
Let t(k) = -8276*k - 173795. Determine t(-21).
1
Let f(y) = -2*y**2 - 75*y - 307. Give f(-33).
-10
Let n(g) = g**3 + 11*g**2 + 21*g - 3. What is n(-6)?
51
Let o(f) = f**2 - 19*f - 1238. Determine o(46).
4
Let m(p) = 10*p - 159. Give m(12).
-39
Let b(c) = 232*c - 18092. Determine b(78).
4
Let t(u) = u**3 + 3*u**2 + 17*u + 65. Determine t(-4).
-19
Let x(c) = c**3 + 8*c**2 + 6*c + 26. What is x(-6)?
62
Let n(s) = 2*s**2 - 9*s + 52. Determine n(6).
70
Let s(j) = 4*j**2 - 41*j - 641. Determine s(19).
24
Let g(u) = u**3 - 5*u**2 - 70*u - 5. Give g(-6).
19
Let t(l) = 15*l - 544. Calculate t(17).
-289
Let m(d) = 62*d + 1455. What is m(-24)?
-33
Let t(u) = -u**3 - 5*u**2 + 95*u - 65. What is t(7)?
12
Let s(l) = -57*l + 3310. Determine s(62).
-224
Let b(k) = 2*k**2 + 21*k - 193. What is b(6)?
5
Let g(r) = r**2 - 8*r - 6. Calculate g(-1).
3
Let u(k) = -169*k - 1403. Determine u(-8).
-51
Let q(j) = 46*j + 635. Determine q(-15).
-55
Let h(p) = 430*p + 7314. Give h(-17).
4
Let x(d) = -d**2 + 361*d - 15543. What is x(50)?
7
Let q(o) = -2*o**3 + 9*o**2 + 202*o - 990. Determine q(5).
-5
Let d(n) = 59*n - 943. Calculate d(16).
1
Let y(z) = -z**2 - 114*z + 112352. Give y(283).
1
Let o(s) = -s**2 - 41*s - 232. Give o(-34).
6
Let u(q) = 27*q + 84. Give u(-3).
3
Let b(r) = -r**3 + 29*r**2 - 39*r + 174. What is b(28)?
-134
Let q(z) = 9*z**2 - 59*z - 276. Calculate q(-5).
244
Let b(t) = -2*t**2 + 72*t + 2422. Determine b(57).
28
Let u(s) = s**2 + 19*s - 218. What is u(7)?
-36
Let w(f) = -47*f + 1541. Give w(33).
-10
Let r(d) = 51*d + 2391. Give r(-48).
-57
Let k(x) = -x**3 + 37*x**2 + 118*x + 97. Give k(40).
17
Let w(s) = -3*s**3 - 142*s**2 - 749*s - 23. What is w(-6)?
7
Let n(k) = k**3 + 15*k**2 + 19*k - 9. Determine n(-5).
146
Let p(l) = -111*l + 3996. Determine p(36).
0
Let r(t) = -47*t + 1241. Determine r(29).
-122
Let h(a) = -2*a**2 - 109*a - 1151. Give h(-14